{"id":716,"date":"2018-07-16T10:31:29","date_gmt":"2018-07-16T10:31:29","guid":{"rendered":"http:\/\/antoinetteaichele.com\/?page_id=716"},"modified":"2018-07-23T13:46:31","modified_gmt":"2018-07-23T13:46:31","slug":"impressum","status":"publish","type":"page","link":"https:\/\/antoinetteaichele.com\/?page_id=716","title":{"rendered":"Impressum"},"content":{"rendered":"<p><b>\u00dcbersetzungsb\u00fcro | Translation Agency<br \/>\nAntoinette Aichele-Platen<\/b><\/p>\n<p>Staatlich gepr\u00fcfte, \u00f6ffentlich bestellte und beeidigte \u00dcbersetzerin<br \/>\nMitglied im Bundesverband der Dolmetscher und \u00dcbersetzer e.V. (BD\u00dc)<\/p>\n<p>Wilhelm-Meister-Stra\u00dfe 5A<br \/>\nD-80809 M\u00fcnchen<br \/>\nDeutschland<\/p>\n<p>USt-IdNr. DE 202 398 229<\/p>\n<p>&nbsp;<\/p>\n<p>&nbsp;<\/p>\n<p>Bildnachweise:<br \/>\nHauptseite Slider Bild 1: Br\u00fccke bei Nacht (<a href=\"https:\/\/www.flickr.com\/photos\/98473319@N05\/14293382449\/in\/photolist-nM4jCr-odpcXb-dowDSQ-qeFZHA-DhXZGo-p5VqZ7-qtqj32-gBfoMk-aqbrvM-qxfJCL-rvDfCr-qF6VU5-q8XudE-q4mPzw-rrgBcP-qw8akP-ndueAn-o3K3tz-osHwn2-jryPfr-rdM7zG-bzkLBm-qFhk1b-9p5Z6H-nN2dHm-aE5xLy-odx6K9-dBp4Em-rdGMvr-h2GewF-oTyQ7E-gd7LKw-92H314-ocHSVU-hM2LQK-fNB69p-iNiCG7-dPtqdQ-freMEz-iSNQzx-9oyZhc-qCuPr3-nEQpNW-jQvV8h-rfSbxX-n9C5NU-axaKPW-mEA7W4-qK8x5J-ot2HdZ\/\" target=\"_blank\" rel=\"noopener\">CC BY-SA 2.0, flickr,\u00a0liu yu cheng<\/a>)<br \/>\nHauptseite Slider Bild 2: My Zeil (<a href=\"https:\/\/www.flickr.com\/photos\/wickedefyingravity\/4944952261\/in\/photolist-8wYb2B-XbUitE-c5fCg9-c1uLv5-uUg3GY-8LNVvg-8x2ahs-8LRXX1-nBau71-52NRt-8LRY27-ic9Dph-bgUyqZ-arHcdB-eFaoCg-52NST-icHoZ8-eE6yPi-nRMH6k-non8Z9-phiD1x-sbkgEQ-X3FTck-qLgxda-52NUN-9Ddq3Y-fxTCCE-arKLRA-arKHKf-8x29BQ-612zhu-eDMS8u-8wYbGc-m4hMuw-baCEQZ-52Nvy-8SZEdk-nbPsUb-hvLvag-swoF4-ijdmqs-6fCpKb-dBrVwJ-arH5HT-arKL4d-7MGSy7-52NH1-arH7zZ-p1C6Pc-6sBHr7\" target=\"_blank\" rel=\"noopener\">CC BY-ND 2.0, flickr, Sven A. Miller<\/a>)<br \/>\nHauptseite Slider Bild 5: Dach des Olympiastadions, M\u00fcnchen (<a href=\"https:\/\/pixabay.com\/en\/olympic-stadium-stadium-architecture-2612223\/\" target=\"_blank\" rel=\"noopener\">CC0,\u00a0pixabay, RitaE<\/a>)<\/p>\n","protected":false},"excerpt":{"rendered":"<p>\u00dcbersetzungsb\u00fcro | Translation Agency Antoinette Aichele-Platen Staatlich gepr\u00fcfte, \u00f6ffentlich bestellte und beeidigte \u00dcbersetzerin Mitglied im Bundesverband der Dolmetscher und \u00dcbersetzer e.V. (BD\u00dc) [&hellip;]<\/p>\n","protected":false},"author":1,"featured_media":0,"parent":0,"menu_order":0,"comment_status":"closed","ping_status":"closed","template":"","meta":{"footnotes":""},"class_list":["post-716","page","type-page","status-publish","hentry"],"_links":{"self":[{"href":"https:\/\/antoinetteaichele.com\/index.php?rest_route=\/wp\/v2\/pages\/716","targetHints":{"allow":["GET"]}}],"collection":[{"href":"https:\/\/antoinetteaichele.com\/index.php?rest_route=\/wp\/v2\/pages"}],"about":[{"href":"https:\/\/antoinetteaichele.com\/index.php?rest_route=\/wp\/v2\/types\/page"}],"author":[{"embeddable":true,"href":"https:\/\/antoinetteaichele.com\/index.php?rest_route=\/wp\/v2\/users\/1"}],"replies":[{"embeddable":true,"href":"https:\/\/antoinetteaichele.com\/index.php?rest_route=%2Fwp%2Fv2%2Fcomments&post=716"}],"version-history":[{"count":8,"href":"https:\/\/antoinetteaichele.com\/index.php?rest_route=\/wp\/v2\/pages\/716\/revisions"}],"predecessor-version":[{"id":969,"href":"https:\/\/antoinetteaichele.com\/index.php?rest_route=\/wp\/v2\/pages\/716\/revisions\/969"}],"wp:attachment":[{"href":"https:\/\/antoinetteaichele.com\/index.php?rest_route=%2Fwp%2Fv2%2Fmedia&parent=716"}],"curies":[{"name":"wp","href":"https:\/\/api.w.org\/{rel}","templated":true}]}}