{"id":705,"date":"2018-07-16T10:19:38","date_gmt":"2018-07-16T10:19:38","guid":{"rendered":"http:\/\/antoinetteaichele.com\/?page_id=705"},"modified":"2018-11-06T08:16:53","modified_gmt":"2018-11-06T08:16:53","slug":"kontakt","status":"publish","type":"page","link":"https:\/\/antoinetteaichele.com\/?page_id=705","title":{"rendered":"Kontakt"},"content":{"rendered":"<p>Haben Sie Interesse an unserem \u00dcbersetzungsservice? Gern unterbreiten wir Ihnen ein unverbindliches Angebot. Lassen Sie uns dazu bitte eine E-Mail mit Ihrem Anliegen und dem zu \u00fcbersetzenden Text zukommen oder rufen Sie uns einfach an. Wir freuen uns auf Ihre Anfrage!<\/p>\n<p><strong>\u00dcbersetzungsb\u00fcro | Translation Agency<\/strong><br \/>\n<strong>Antoinette Aichele-Platen<\/strong><\/p>\n<p>Staatlich gepr\u00fcfte, \u00f6ffentlich bestellte und beeidigte \u00dcbersetzerin,<br \/>\nMitglied im Bundesverband der Dolmetscher und \u00dcbersetzer e.V. (BD\u00dc)<\/p>\n<p>Wilhelm-Meister-Stra\u00dfe 5A | 80809 M\u00fcnchen | Deutschland<\/p>\n<p>E-Mail: <a href=\"mailto:info@antoinetteaichele.com\">info@antoinetteaichele.com<\/a><\/p>\n<p>Telefon: +49 (0)89 65\u202f11\u202f41\u202f47<br \/>\nMobil: +49 (0)172 817\u202f85\u202f36<\/p>\n<p>Fax: +49 (0)89 65\u202f11\u202f41\u202f48<\/p>\n","protected":false},"excerpt":{"rendered":"<p>Haben Sie Interesse an unserem \u00dcbersetzungsservice? Gern unterbreiten wir Ihnen ein unverbindliches Angebot. Lassen Sie uns dazu bitte eine E-Mail mit Ihrem [&hellip;]<\/p>\n","protected":false},"author":1,"featured_media":0,"parent":0,"menu_order":0,"comment_status":"closed","ping_status":"closed","template":"","meta":{"footnotes":""},"class_list":["post-705","page","type-page","status-publish","hentry"],"_links":{"self":[{"href":"https:\/\/antoinetteaichele.com\/index.php?rest_route=\/wp\/v2\/pages\/705","targetHints":{"allow":["GET"]}}],"collection":[{"href":"https:\/\/antoinetteaichele.com\/index.php?rest_route=\/wp\/v2\/pages"}],"about":[{"href":"https:\/\/antoinetteaichele.com\/index.php?rest_route=\/wp\/v2\/types\/page"}],"author":[{"embeddable":true,"href":"https:\/\/antoinetteaichele.com\/index.php?rest_route=\/wp\/v2\/users\/1"}],"replies":[{"embeddable":true,"href":"https:\/\/antoinetteaichele.com\/index.php?rest_route=%2Fwp%2Fv2%2Fcomments&post=705"}],"version-history":[{"count":7,"href":"https:\/\/antoinetteaichele.com\/index.php?rest_route=\/wp\/v2\/pages\/705\/revisions"}],"predecessor-version":[{"id":1161,"href":"https:\/\/antoinetteaichele.com\/index.php?rest_route=\/wp\/v2\/pages\/705\/revisions\/1161"}],"wp:attachment":[{"href":"https:\/\/antoinetteaichele.com\/index.php?rest_route=%2Fwp%2Fv2%2Fmedia&parent=705"}],"curies":[{"name":"wp","href":"https:\/\/api.w.org\/{rel}","templated":true}]}}